, 159697
What are the prime factors of 345311?
345311
What are the prime factors of 148113?
3, 7, 2351
List the prime factors of 1896114.
2, 3, 11, 28729
What are the prime factors of 91857?
3, 67, 457
What are the prime factors of 68864?
2, 269
What are the prime factors of 796244?
2, 137, 1453
List the prime factors of 2197281.
3, 61, 12007
List the prime factors of 4302595.
5, 11, 78229
What are the prime factors of 10355122?
2, 317, 16333
What are the prime factors of 2786764?
2, 696691
What are the prime factors of 7135032?
2, 3, 19, 15647
List the prime factors of 6785953.
6785953
What are the prime factors of 25267510?
2, 5, 1063, 2377
List the prime factors of 145168.
2, 43, 211
What are the prime factors of 691319?
97, 7127
What are the prime factors of 14222?
2, 13, 547
What are the prime factors of 8343?
3, 103
What are the prime factors of 15006?
2, 3, 41, 61
What are the prime factors of 110187?
3, 7, 11, 53
List the prime factors of 2124101.
7, 67, 647
List the prime factors of 1790244.
2, 3, 223
List the prime factors of 1282124.
2, 37, 8663
List the prime factors of 441655.
5, 19, 4649
List the prime factors of 2695263.
3, 898421
What are the prime factors of 125602?
2, 62801
What are the prime factors of 4219040?
2, 5, 7, 3767
List the prime factors of 191269.
13, 14713
What are the prime factors of 226328?
2, 19, 1489
What are the prime factors of 52576?
2, 31, 53
List the prime factors of 773487.
3, 11, 13, 601
What are the prime factors of 873982?
2, 251, 1741
What are the prime factors of 295943?
295943
List the prime factors of 7270928.
2, 7, 64919
What are the prime factors of 28633525?
5, 17, 89, 757
List the prime factors of 19498565.
5, 43, 89, 1019
What are the prime factors of 16450?
2, 5, 7, 47
List the prime factors of 1870047.
3, 23087
List the prime factors of 2169947.
13, 166919
List the prime factors of 691455.
3, 5, 31, 1487
List the prime factors of 1509174.
2, 3, 83843
What are the prime factors of 93816?
2, 3, 1303
What are the prime factors of 18598407?
3, 6199469
List the prime factors of 1408043.
7, 13, 15473
List the prime factors of 27849288.
2, 3, 19, 157, 389
What are the prime factors of 599699?
599699
What are the prime factors of 5920536?
2, 3, 246689
What are the prime factors of 1097077?
23, 47699
List the prime factors of 635129.
11, 29, 181
List the prime factors of 715699.
715699
What are the prime factors of 22838?
2, 19, 601
List the prime factors of 23857210.
2, 5, 13, 23, 79, 101
What are the prime factors of 18619574?
2, 59, 157793
What are the prime factors of 202012?
2, 50503
What are the prime factors of 552971?
552971
List the prime factors of 3160086.
2, 3, 526681
What are the prime factors of 782722?
2, 229, 1709
What are the prime factors of 3891592?
2, 486449
What are the prime factors of 4225164?
2, 3, 352097
List the prime factors of 430519.
53, 8123
What are the prime factors of 4625921?
17, 23, 11831
List the prime factors of 14345063.
2543, 5641
List the prime factors of 1360035.
3, 5, 30223
What are the prime factors of 3498600?
2, 3, 5, 7, 17
What are the prime factors of 173084?
2, 43271
What are the prime factors of 535837?
71, 7547
List the prime factors of 15375304.
2, 7, 463, 593
What are the prime factors of 786234?
2, 3, 59, 2221
List the prime factors of 32835.
3, 5, 11, 199
What are the prime factors of 6605399?
6605399
List the prime factors of 4197725.
5, 7, 17, 83
What are the prime factors of 593988?
2, 3, 49499
List the prime factors of 2869334.
2, 13, 110359
What are the prime factors of 610554?
2, 3, 7, 14537
What are the prime factors of 627851?
7, 257, 349
What are the prime factors of 12698300?
2, 5, 23, 5521
List the prime factors of 557752.
2, 13, 31, 173
List the prime factors of 33583831.
5563, 6037
What are the prime factors of 735146?
2, 367573
What are the prime factors of 746175?
3, 5, 9949
What are the prime factors of 41890?
2, 5, 59, 71
List the prime factors of 4969424.
2, 31, 43, 233
List the prime factors of 215004.
2, 3, 19, 23, 41
List the prime factors of 4450555.
5, 890111
What are the prime factors of 769248?
2, 3, 2671
What are the prime factors of 167506?
2, 61, 1373
What are the prime factors of 910818?
2, 3, 101, 167
List the prime factors of 7591131.
3, 281153
What are the prime factors of 142064?
2, 13, 683
List the prime factors of 35142.
2, 3, 5857
What are the prime factors of 22788735?
3, 5, 79, 19231
List the prime factors of 26083210.
2, 5, 173, 15077
List the prime factors of 20855021.
11, 1009, 1879
What are the prime factors of 117282?
2, 3, 11, 1777
What are the prime factors of 601264?
2, 37579
List the prime factors of 87370.
2, 5, 8737
What are the prime factors of 162179?
127, 1277
List the prime factors of 12877672.
2, 883, 1823
What are the prime factors of 3369254?
2, 7, 59, 4079
What are the prime factors of 6725272?
2, 229, 3671
What are the prime factors of 3168019?
3168019
What are the prime factors of 38278?
2, 19139
List the prime factors of 22976.
2, 359
What are the prime factors of 1306130?
2, 5, 7, 47, 397
List the prime factors of 2996821.
239, 12539
What are the prime factors of 136448?
2, 13, 41
What are the prime factors of 886555?
5, 281, 631
What are the prime factors of 1249709?
43, 29063
What are the prime factors of 43838?
2, 23, 953
List the prime factors of 114138.
2, 3, 17, 373
What are the prime factors of 21122302?
2, 53, 199267
What are the prime factors of 1767822?
2, 3, 7, 859
What are the prime factors of 417788?
2, 7, 43, 347
What are the prime factors of 2483269?
157, 15817
What are the prime factors of 9412505?
5, 19, 99079
List the prime factors of 118610.
2, 5, 29, 409
What are the prime factors of 21373539?
3, 11, 17, 31, 1229
List the prime factors of 1095533.
29, 37, 1021
What are the prime factors of 6578549?
2539, 2591
What are the prime factors of 3732504?
2, 3, 155521
What are the prime factors of 69113?
11, 61, 103
What are the prime factors of 2793961?
1567, 1783
What are the prime factors of 103163?
71, 1453
List the prime factors of 194155.
5, 13, 29, 103
List the prime factors of 350032.
2, 131, 167
What are the prime factors of 519819?
3, 173273
What are the prime factors of 2430196?
2, 607549
What are the prime factors of 3574617?
3, 1191539
What are the prime factors of 2339131?
2339131
What are the prime factors of 1006587?
3, 17, 43
What are the prime factors of 3718058?
2, 587, 3167
What are the prime factors of 1990300?
2, 5, 13, 1531
List the prime factors of 7336233.
3, 409, 1993
List the prime factors of 2957996.
2, 19, 38921
What are the prime factors of 734171?
734171
List the prime factors of 459520.
2, 5, 359
List the prime factors of 3341306.
2, 1670653
What are the prime factors of 2069114?
2, 37, 27961
List the prime factors of 46648.
2, 7, 17
What are the prime factors of 1809501?
3, 31, 19457
What are the prime factors of 256988?
2, 41, 1567
List the prime factors of 2647617.
3, 7, 31, 83
List the prime factors of 8117683.
7, 165667
What are the prime factors of 416394?
2, 3, 11, 701
List the prime factors of 125037.
3, 11, 421
What are the prime factors of 335908?
2, 79, 1063
What are the prime factors of 936066?
2, 3, 156011
What are the prime factors of 1376242?
2, 7, 197, 499
List the prime factors of 176229.
3, 61, 107
List the prime factors of 4398412.
2, 37, 113, 263
List the prime factors of 121583.
7, 11, 1579
List the prime factors of 903570.
2, 3, 5, 30119
What are the prime factors of 160391?
7, 11, 2083
List the prime factors of 85706.
2, 42853
List the prime factors of 10745.
5, 7, 307
List the prime factors of 4161291.
3, 751, 1847
What are the prime factors of 674918?
2, 19, 17761
List the prime factors of 709655.
5, 141931
List the prime factors of 11460810.
2, 3, 5, 103, 3709
What are the prime factors of 2378133?
3, 88079
List the prime factors of 33230303.
227, 146389
List the prime factors of 468082.
2, 283, 827
What are the prime factors of 421470?
2, 3, 5, 7, 223
What are the prime factors of 4048209?
3, 11, 103, 397
List the prime factors of 750366.
2, 3, 41687
List the prime factors of 2539337.
2539337
What are the prime factors of 171678?
2, 3, 13, 31, 71
What are the prime factors of 4720093?
7, 674299
List the prime 